*h + 27 = 4*n. Let a(x) = -x**2 + 3*x + 2. What is a(n)?
2
Suppose -3*s + 5*s = 2. Let g be 1/2*6*s. Let o(h) = 4*h**2 - 4*h - 5*h**2 + 2*h**2 - g. Calculate o(4).
-3
Let a = -88 - -94. Let b be 2 + (3 - (0 + 3)). Let x(g) = 2*g**2 - 2*g**2 - 3 - g**b - g + 6*g. Give x(a).
-9
Let r(t) = -5*t**2 + 3*t + 1. Let i(f) be the third derivative of f**5/10 - f**4/6 - f**3/6 + 15*f**2. Let a(x) = -4*i(x) - 5*r(x). Give a(-3).
5
Let j(v) = -3*v**2 + 1. Let g(t) = -4*t**2 + 1. Let h(d) = 4*g(d) - 5*j(d). Let f(a) = 133*a**2 + 114. Let r(n) = -f(n) - 114*h(n). What is r(1)?
-19
Suppose w = 4*w - 15, 0 = a + 2*w - 13. Suppose 5*z + a*r + 0 = -2, r = 1. Let d = z - 3. Let h(k) = k + 6. What is h(d)?
2
Let l(x) = -x**2 + 10*x + 11. Suppose -3*z - z = -44. Let n be l(z). Let v(m) = -3 + n*m**2 + 4*m**2 - 3*m + 2*m**2 - 4*m**2. Calculate v(3).
6
Let w(j) be the second derivative of 7*j**5/10 + j**4/6 + j**3/3 + j**2/2 + 2*j. Let n be 1*(-2 + -1 + 2). Let i be -1 - n - -2 - 3. Give w(i).
-13
Let q(r) = -r - 20. Suppose 3*x + 39*x + 378 = 0. Determine q(x).
-11
Let i be 5 - (-5 - -16) - -1. Let b(p) = -p**2 - 5*p - 4. What is b(i)?
-4
Let t(m) = -3*m**3 - 9*m**2 + 27*m - 22. Let p(o) = 2*o**3 + 8*o**2 - 14*o + 11. Let f(n) = -5*p(n) - 3*t(n). Give f(-12).
-1
Let h(a) = a - 4. Let j(f) = 21*f - 603. Let n be j(29). What is h(n)?
2
Let x(y) be the first derivative of 5*y**4/2 + 22*y**3/3 + y**2 + 10*y + 39. Let n(r) = 7*r**3 + 15*r**2 + r + 7. Let v(o) = 7*n(o) - 5*x(o). Give v(-4).
-5
Let l(s) be the third derivative of -3*s**5/10 - s**4/12 + s**3/6 - 5*s**2 + 3*s. What is l(1)?
-19
Let l be (-2 - (1 - 3)) + 300. Let k(f) = -2*f + l*f**3 - 299*f**3 - f + f**2. Determine k(-3).
-9
Let j(q) = -1 + 1 + q. Let v = 46 - 44. Suppose 14 = -v*f + 2. Calculate j(f).
-6
Let s(g) = 2*g**3 - g - 1. Let a be s(-1). Let o(c) = 4 + 0*c + 2*c - 5 + 3. Give o(a).
-2
Let g(w) = -2*w + 27. Let q be g(0). Suppose -t - 3*v + 22 = 3, 0 = -3*t - 3*v + q. Let i(b) = -b + 2. Determine i(t).
-2
Let g(s) = s**3 - s**2 - 7*s + 5. Suppose -12 = 4*i, -4*i = -16*r + 14*r + 20. What is g(r)?
25
Let a(o) = 8*o - 3*o**2 - 3*o**2 - 9*o + o**2. Suppose -h + 1 + 14 = -3*w, 5*h + 20 = -4*w. Suppose 0*y + 3*y + 3*n - 9 = h, 3*y = -n + 1. Calculate a(y).
-4
Let p(k) be the first derivative of 5*k**2/2 - k - 46. Give p(-5).
-26
Let p(m) = -m - m + 0 - 1 - 2*m**2 - m**3. Let o(q) = -2*q**2 + 5*q - 4. Suppose 0 = -5*j + 5*a + 20 + 10, -5*j + 3*a = -22. Let y be o(j). Determine p(y).
3
Let n(u) = -u**3 - 3*u**2 + 9*u - 4. Let g be n(-5). Suppose -5*w + 6*w = g. Let f(z) = 2*z**3 - z. Give f(w).
1
Let x(u) = 5*u**2 + 11*u + 1. Let t(j) = -5*j**2 - 14*j - 1. Let r(k) = -3*t(k) - 4*x(k). Determine r(-3).
-40
Suppose -57*f = -31*f + 156. Let d(b) be the second derivative of 2*b**2 + 0 - 1/6*b**3 - b. Give d(f).
10
Suppose 0 = 3*u - 2*f - 4067, -4*u - u + 4*f = -6779. Let o(w) = 2*w + u - 1355. Determine o(3).
6
Suppose 4*s - 54 = 2*k - 72, -2*k = 2*s. Let j(u) = -5*u**2 + 2*u. What is j(s)?
-51
Let d(g) be the second derivative of g**5/20 + 7*g**4/12 + 4*g**2 + g. Suppose -260 - 22 = -6*t. Let f = t + -54. What is d(f)?
8
Let f be ((-14)/(-4) + -1)/((-1)/(-2)). Let j(n) = n + 4. Calculate j(f).
9
Suppose -6*p + 5*p - 4 = 0. Let v(y) be the first derivative of y**3/3 - y**2/2 + 3. Let l(h) = -5*h**2 + 4. Let d(f) = p*v(f) - l(f). Determine d(-3).
-7
Suppose 15*k = -30 - 15. Let c(w) = w - 2. Determine c(k).
-5
Let i(x) be the first derivative of -3*x**2/2 - 2*x - 1. Suppose -7*d + 38 = -4. Let p(g) = g - 3. Let a be p(d). What is i(a)?
-11
Let l be (50/325)/((-12)/(-39)). Let y(s) be the second derivative of 2/3*s**3 + 0 - l*s**2 - 7*s. What is y(1)?
3
Let p(r) = -r**2 + r + 2. Let j be p(2). Suppose -2*n + n = j. Suppose n = 5*a + 20, -2*d - 6 - 8 = 3*a. Let w(u) = -11*u**2 - 2*u - 1. Calculate w(d).
-10
Let z(a) = a + 12. Let t be z(0). Let v(p) = 2*p + 5*p**2 - 2 - 3*p - p**2 - 14*p**3 + t*p**3. What is v(2)?
-4
Let b(a) = a**3 + a**2 + a - 11. Let q(n) = 5*n**2 + n + 4. Let d be q(7). Let m be 4/(-34) - d/136. Let j be m/(-6) + 8/(-24). Calculate b(j).
-11
Let w be 16*-1*(-3)/3. Let t(v) = v**2 - 16*v + 2. Let p be t(w). Let j(m) = -8 + 4 - m**2 + 11 + p*m - 8*m. Determine j(-7).
0
Let a(u) be the first derivative of u**4/4 - 3*u**3 - u**2/2 + 3*u + 16. Give a(9).
-6
Let r(k) = k**2 + k - 2. Let q(p) = 2*p**2 + 3*p - 3. Let x(l) = q(l) - 3*r(l). Suppose 9*h = 5*h - 20. Calculate x(h).
-22
Let d(f) = f**3 - 2*f**2 - 3. Let z be -2*-3*1/(-6). Let o be z/(-2) + (-21)/(-14). Let c = 1 + o. Determine d(c).
6
Suppose 9*l + 24 = 3*l. Let i(z) be the second derivative of z**4/12 - 2*z. Let a(r) = -3*r**2 - 3*r - 4. Let w(o) = l*i(o) - a(o). Determine w(3).
4
Let r be (-33)/(-9) - 2/(-6). Let o(u) = -r*u - u**2 - 6 + 3*u - 4*u + 0*u. Let b = -179 - -174. Calculate o(b).
-6
Let d be 21/24 - (11/8)/(-11). Let b(u) be the first derivative of 2*u**3 + u + 1 - 1/2*u**2. Give b(d).
6
Let c(d) = d**3 + d**2 + d. Let k(t) = -4*t**3 - 19*t**2 - 3*t - 29. Let y(l) = 5*c(l) + k(l). Give y(14).
-1
Let c(i) = -2*i + 15. Let b(r) = -6*r + 68. Let k be b(10). Determine c(k).
-1
Let c(l) be the second derivative of l**4/12 - 7*l**3/6 + l**2 - l - 7. Calculate c(6).
-4
Let l(h) = -7*h - 2*h - 7*h + 15*h + 29. Calculate l(20).
9
Let x(a) = -a - 2. Suppose -6 + 30 = -4*o. Let w be (-7 + 5)/(2/o). Determine x(w).
-8
Let q(n) be the second derivative of 0 - n**3 + 15*n - 1/12*n**4 - 4*n**2. Suppose 13 = -3*p - 5. Give q(p).
-8
Let u be (35 + -1 - 2)*2. Let f = 96 - u. Let x(k) = 2*k**3 - f*k - 3*k**3 - k**2 + 31*k. What is x(-1)?
1
Let i = 10 - 13. Let k(s) = -74*s + s**2 + 144*s - 2 - 68*s. What is k(i)?
1
Suppose -4 = 4*y + 4. Let j(f) = 3*f - 2. Let d(p) = p - 1. Let k(l) = -d(l) + j(l). Calculate k(y).
-5
Let t(k) = -k**3 - 15*k**2 + 18*k + 34. Let i be t(-16). Let u(w) = -12*w + 1. What is u(i)?
-23
Let c(t) = 2*t + 2 + 7*t**2 - 5*t + t - 6*t**2. Calculate c(4).
10
Let b(z) = -3*z - 2. Let w = -95 + 99. Determine b(w).
-14
Let q(o) = -32*o + 1. Let v(n) = 5*n + 51. Let w be v(-10). Give q(w).
-31
Let q(i) = 0 + 10*i**2 - 9*i**2 - 7 + 10 - 6*i. Calculate q(7).
10
Let n(r) = 0*r**3 - r**2 - 5 - 4*r + 2 + 2*r**3. Let u be (-9)/180*8 + (-16)/10. Calculate n(u).
-15
Let n = -9 - -5. Let x(s) = 2*s - 8. Let v(y) = -y + 6. Let f(z) = -5*v(z) - 3*x(z). Calculate f(n).
-2
Let g = -361 - -352. Let f(x) = -x**3 - 9*x**2 + x - 8. What is f(g)?
-17
Let x(g) = -g**3 + 2*g**2 - 2. Let f(k) be the third derivative of 0 + 1/60*k**5 - 6*k**2 + 2/3*k**3 + 5/24*k**4 + 0*k. Let s be f(-3). What is x(s)?
14
Let l be 3 + -2 - 28/(-7). Suppose -l*u = -5*o, -3*u + o = 2*u - 8. Let b(t) = -t**3 + 2*t**2 - 2*t + 3. Determine b(u).
-1
Suppose 3*h + 0 - 20 = -5*k, 4*k - 24 = -4*h. Let x be (-9)/(-2) + (-2)/4. Let f(u) = -3*u**2 + x*u**2 + 3*u - 5*u - 3 - 1. Determine f(h).
11
Let n be (-8)/(-12)*(-1 + 4). Let g be n/15 - 472/(-60). Let j(d) = -d + 3. Give j(g).
-5
Let d(u) = -10*u**2 - u. Suppose -18*t = 3 + 15. What is d(t)?
-9
Let l(o) = o**3 - 4*o**2 - o + 5. Let h be l(4). Let i be (h/(-4))/((-1)/4). Let g(j) = 2 + j - 1 + 8*j**3 - 3 + 1. Calculate g(i).
8
Let p(n) = 2*n**2 + 2*n + 3. Let m be -3*(15/24 + (-9)/(-24)). What is p(m)?
15
Let b(c) be the first derivative of c**5/120 + 7*c**4/12 - c**3 - 15. Let v(y) be the third derivative of b(y). Determine v(-6).
8
Let c(x) = -11316 - 3*x - 2*x + 5657 - x**3 - 8*x**2 + 5663. Let p(b) = 3*b + 5. Let a be p(-4). Calculate c(a).
-10
Let d(t) be the second derivative of -t**5/20 - 5*t**4/12 + 3*t**2 + 3*t. Suppose 4*k + 4*w - 1 = -5, 16 = 4*w. Determine d(k).
6
Suppose 38 = -3*f + 2*a, 0 = -17*a + 16*a + 4. Let p(i) = i**2 + 10*i + 18. Give p(f).
18
Let m(v) = 11*v**2 - 14*v + 18. Let n(f) = -5*f**2 + 7*f - 9. Let s be (-4)/(-10)*(-10 + 4 + -9). Let r(z) = s*m(z) - 13*n(z). Calculate r(-8).
1
Let m(b) be the third derivative of -b**4/4 + 7*b**3/3 + 299*b**2 + b. Give m(3).
-4
Let o(c) = c**3 - 6*c**2 + 6*c + 3. Let i(b) = 3*b + 4. Suppose -v - 1 = 3. Let p be i(v). Let d be ((-2)/(p/(-20)))/(-1). Give o(d).
8
Suppose 4*d - 210*p + 8 = -214*p, -3*p - 4 = 4*d. Let u(n) be the third derivative of n**6/120 + n**5/60 - n**4/24 + n**3/3 - 2*n**2. What is u(d)?
12
Let k(x) = x**2 - x + 4. Suppose -3*w + 5 = 4*h - 